der when 2207 is divided by 69?
68
What is the remainder when 221 is divided by 17?
0
Calculate the remainder when 205 is divided by 54.
43
What is the remainder when 128 is divided by 43?
42
What is the remainder when 80 is divided by 65?
15
Calculate the remainder when 152 is divided by 17.
16
Calculate the remainder when 283 is divided by 68.
11
What is the remainder when 1343 is divided by 42?
41
Calculate the remainder when 339 is divided by 246.
93
What is the remainder when 277 is divided by 70?
67
Calculate the remainder when 335 is divided by 12.
11
What is the remainder when 414 is divided by 183?
48
What is the remainder when 29807 is divided by 9932?
11
Calculate the remainder when 31 is divided by 12.
7
What is the remainder when 129 is divided by 41?
6
Calculate the remainder when 218 is divided by 20.
18
Calculate the remainder when 51 is divided by 13.
12
Calculate the remainder when 72 is divided by 38.
34
What is the remainder when 1288 is divided by 161?
0
Calculate the remainder when 14090 is divided by 7.
6
Calculate the remainder when 394 is divided by 73.
29
What is the remainder when 10300 is divided by 64?
60
Calculate the remainder when 670 is divided by 48.
46
What is the remainder when 1976 is divided by 23?
21
What is the remainder when 251 is divided by 117?
17
Calculate the remainder when 171 is divided by 87.
84
What is the remainder when 979 is divided by 7?
6
What is the remainder when 33 is divided by 12?
9
Calculate the remainder when 220 is divided by 15.
10
What is the remainder when 48 is divided by 45?
3
What is the remainder when 491 is divided by 62?
57
Calculate the remainder when 847 is divided by 280.
7
What is the remainder when 1799 is divided by 18?
17
Calculate the remainder when 788 is divided by 9.
5
Calculate the remainder when 20578 is divided by 28.
26
Calculate the remainder when 4600 is divided by 177.
175
What is the remainder when 91 is divided by 3?
1
Calculate the remainder when 88 is divided by 48.
40
Calculate the remainder when 1263 is divided by 55.
53
What is the remainder when 770 is divided by 257?
256
Calculate the remainder when 386 is divided by 43.
42
Calculate the remainder when 95 is divided by 24.
23
Calculate the remainder when 488 is divided by 3.
2
Calculate the remainder when 2879 is divided by 15.
14
What is the remainder when 171 is divided by 1?
0
Calculate the remainder when 2755 is divided by 549.
10
What is the remainder when 292 is divided by 3?
1
What is the remainder when 524 is divided by 141?
101
What is the remainder when 6825 is divided by 39?
0
What is the remainder when 4740 is divided by 51?
48
What is the remainder when 67 is divided by 40?
27
Calculate the remainder when 259 is divided by 38.
31
Calculate the remainder when 252 is divided by 60.
12
What is the remainder when 387 is divided by 192?
3
Calculate the remainder when 521 is divided by 6.
5
What is the remainder when 1651 is divided by 62?
39
What is the remainder when 287 is divided by 49?
42
What is the remainder when 46 is divided by 35?
11
What is the remainder when 60 is divided by 24?
12
Calculate the remainder when 303 is divided by 48.
15
What is the remainder when 1901 is divided by 6?
5
What is the remainder when 294 is divided by 36?
6
What is the remainder when 1682 is divided by 841?
0
What is the remainder when 213 is divided by 111?
102
Calculate the remainder when 1314 is divided by 436.
6
Calculate the remainder when 3233 is divided by 49.
48
Calculate the remainder when 674 is divided by 115.
99
What is the remainder when 813 is divided by 201?
9
What is the remainder when 112 is divided by 5?
2
What is the remainder when 1183 is divided by 74?
73
What is the remainder when 1876 is divided by 364?
56
Calculate the remainder when 250 is divided by 53.
38
Calculate the remainder when 571 is divided by 553.
18
What is the remainder when 1360 is divided by 83?
32
What is the remainder when 1557 is divided by 164?
81
What is the remainder when 68 is divided by 18?
14
What is the remainder when 98 is divided by 17?
13
Calculate the remainder when 29 is divided by 21.
8
What is the remainder when 225 is divided by 41?
20
What is the remainder when 647 is divided by 86?
45
Calculate the remainder when 163 is divided by 30.
13
Calculate the remainder when 620 is divided by 446.
174
What is the remainder when 940 is divided by 22?
16
Calculate the remainder when 680 is divided by 68.
0
What is the remainder when 217 is divided by 28?
21
What is the remainder when 182 is divided by 44?
6
Calculate the remainder when 85 is divided by 35.
15
Calculate the remainder when 69 is divided by 10.
9
Calculate the remainder when 58 is divided by 4.
2
Calculate the remainder when 207 is divided by 14.
11
Calculate the remainder when 64 is divided by 5.
4
What is the remainder when 624 is divided by 168?
120
Calculate the remainder when 195 is divided by 11.
8
Calculate the remainder when 664 is divided by 37.
35
Calculate the remainder when 242 is divided by 94.
54
What is the remainder when 36 is divided by 18?
0
Calculate the remainder when 325 is divided by 41.
38
What is the remainder when 2141 is divided by 304?
13
Calculate the remainder when 1181 is divided by 108.
101
What is the remainder when 1244 is divided by 43?
40
Calculate the remainder when 277 is divided by 184.
93
What is the remainder when 157 is divided by 71?
15
Calculate the remainder when 1263 is divided by 55.
53
Calculate the remainder when 145 is divided by 52.
41
What is the remainder when 607 is divided by 12?
7
What is the remainder when 150 is divided by 51?
48
What is the remainder when 890 is divided by 16?
10
Calculate the remainder when 969 is divided by 36.
33
What is the remainder when 1638 is divided by 40?
38
What is the remainder when 1601 is divided by 15?
11
What is the remainder when 12175 is divided by 8?
7
What is the remainder when 626 is divided by 18?
14
Calculate the remainder when 689 is divided by 22.
7
What is the remainder when 534 is divided by 131?
10
What is the remainder when 197 is divided by 26?
15
What is the remainder when 275 is divided by 22?
11
Calculate the remainder when 749 is divided by 131.
94
What is the remainder when 63 is divided by 22?
19
Calculate the remainder when 580 is divided by 41.
6
What is the remainder when 929 is divided by 252?
173
Calculate the remainder when 725 is divided by 359.
7
What is the remainder when 276 is divided by 90?
6
Calculate the remainder when 515 is divided by 215.
85
Calculate the remainder when 12 is divided by 2.
0
What is the remainder when 87 is divided by 46?
41
Calculate the remainder when 1165 is divided by 290.
5
What is the remainder when 475 is divided by 198?
79
Calculate the remainder when 74 is divided by 13.
9
What is the remainder when 1161 is divided by 296?
273
Calculate the remainder when 54 is divided by 29.
25
What is the remainder when 148 is divided by 12?
4
What is the remainder when 3389 is divided by 64?
61
What is the remainder when 429 is divided by 24?
21
What is the remainder when 262 is divided by 66?
64
Calculate the remainder when 808 is divided by 45.
43
What is the remainder when 19453 is divided by 69?
64
What is the remainder when 354 is divided by 21?
18
What is the remainder when 607 is divided by 119?
12
Calculate the remainder when 226 is divided by 10.
6
What is the remainder when 476 is divided by 13?
8
Calculate the remainder when 99 is divided by 26.
21
What is the remainder when 5179 is divided by 81?
76
Calculate the remainder when 1199 is divided by 73.
31
What is the remainder when 404 is divided by 27?
26
Calculate the remainder when 2556 is divided by 27.
18
What is the remainder when 62 is divided by 22?
18
Calculate the remainder when 222 is divided by 115.
107
Calculate the remainder when 220 is divided by 33.
22
What is the remainder when 1468 is divided by 10?
8
Calculate the remainder when 52 is divided by 20.
12
Calculate the remainder when 828 is divided by 106.
86
Calculate the remainder when 22605 is divided by 36.
33
Calculate the remainder when 2398 is divided by 141.
1
What is the remainder when 379 is divided by 29?
2
Calculate the remainder when 77 is divided by 6.
5
Wh